he highest common divisor of 2 and 2857?
1
What is the greatest common factor of 8321 and 1166?
53
Calculate the greatest common divisor of 190 and 2535.
5
What is the greatest common factor of 22337747 and 1609?
1609
What is the highest common divisor of 2276 and 326037?
569
Calculate the highest common factor of 6519 and 3339.
159
What is the highest common factor of 55 and 1786972?
11
What is the greatest common factor of 287625 and 295?
295
Calculate the greatest common factor of 2870 and 40306.
14
Calculate the highest common factor of 111055 and 19285.
665
What is the highest common factor of 192874 and 16214?
242
Calculate the greatest common divisor of 240 and 36080.
80
Calculate the highest common factor of 3336551 and 113.
113
Calculate the greatest common factor of 2599 and 4393.
23
Calculate the greatest common divisor of 1234 and 1665283.
617
What is the highest common divisor of 5715 and 8955?
45
What is the greatest common factor of 1798 and 3658?
62
What is the greatest common factor of 7 and 34874?
7
Calculate the greatest common divisor of 162 and 1446.
6
Calculate the greatest common factor of 260 and 373100.
260
Calculate the highest common factor of 2 and 755732.
2
Calculate the greatest common factor of 200832 and 523.
523
Calculate the highest common divisor of 45 and 2907.
9
Calculate the greatest common divisor of 14958 and 2610.
18
Calculate the greatest common divisor of 40000 and 10.
10
What is the highest common divisor of 23036 and 520?
52
Calculate the greatest common divisor of 8694 and 155871.
621
What is the highest common factor of 546630 and 210?
210
What is the highest common factor of 600408 and 17216?
2152
What is the highest common divisor of 7830 and 14703?
87
What is the highest common divisor of 16169 and 296?
37
Calculate the highest common divisor of 1089 and 15488.
121
Calculate the greatest common divisor of 58 and 2165923.
29
Calculate the greatest common divisor of 17516 and 5436.
604
What is the highest common divisor of 485 and 3280?
5
What is the greatest common divisor of 2318 and 87230?
122
What is the greatest common divisor of 4330 and 80?
10
Calculate the greatest common divisor of 2130 and 3138555.
1065
Calculate the greatest common factor of 784775 and 75.
25
What is the highest common factor of 174 and 2946?
6
Calculate the greatest common factor of 18970 and 560.
70
What is the highest common factor of 68406 and 8?
2
What is the highest common divisor of 29340 and 1980?
180
What is the highest common divisor of 6127 and 737?
11
What is the greatest common divisor of 3569 and 46895?
83
What is the greatest common factor of 3031 and 3464?
433
What is the highest common factor of 2780 and 28900?
20
What is the greatest common factor of 51145 and 2385?
265
What is the greatest common factor of 28875 and 5082?
231
What is the greatest common factor of 76 and 10110014?
38
Calculate the highest common factor of 15975 and 1845.
45
Calculate the greatest common factor of 10465 and 89180.
455
What is the greatest common factor of 69444 and 354?
6
What is the greatest common factor of 129521 and 7?
7
What is the highest common factor of 68849 and 47227?
569
Calculate the highest common factor of 1995422 and 3718.
286
What is the greatest common factor of 836 and 80465?
209
What is the highest common divisor of 1628430 and 1545?
1545
What is the greatest common divisor of 69116 and 296?
148
Calculate the highest common factor of 82 and 243499.
41
What is the highest common factor of 41623 and 18283?
389
What is the highest common factor of 71965 and 370?
185
What is the greatest common factor of 24910 and 309520?
530
Calculate the greatest common factor of 59708 and 11.
11
Calculate the highest common factor of 716796 and 972.
108
Calculate the greatest common divisor of 16116 and 4.
4
Calculate the highest common divisor of 33915 and 15.
15
What is the greatest common factor of 138244 and 1615?
323
Calculate the highest common factor of 4440 and 17464.
296
Calculate the highest common factor of 46 and 6854.
46
Calculate the greatest common divisor of 5928 and 362076.
156
Calculate the greatest common divisor of 35 and 43883.
7
Calculate the greatest common divisor of 282 and 788754.
282
What is the greatest common divisor of 124899 and 474?
237
What is the greatest common factor of 4030677 and 137?
137
Calculate the greatest common divisor of 120 and 6870.
30
Calculate the greatest common divisor of 102 and 318.
6
What is the highest common divisor of 50265 and 900?
45
Calculate the highest common divisor of 358600 and 7700.
1100
Calculate the greatest common factor of 177160 and 30100.
860
Calculate the highest common divisor of 11122 and 402.
134
What is the greatest common factor of 12030 and 5730?
30
Calculate the highest common divisor of 33714 and 18.
18
What is the highest common factor of 2796584 and 7?
7
Calculate the highest common divisor of 56573 and 3197.
139
What is the greatest common divisor of 628 and 712?
4
Calculate the highest common divisor of 10688 and 22879.
167
What is the greatest common factor of 4680 and 1508?
52
Calculate the highest common divisor of 64 and 2048.
64
What is the greatest common factor of 37 and 123?
1
What is the greatest common factor of 1238464 and 1?
1
Calculate the greatest common factor of 1624 and 6583.
29
Calculate the highest common divisor of 489240 and 151.
151
Calculate the greatest common divisor of 126472 and 64.
8
What is the highest common factor of 29 and 10034551?
29
Calculate the greatest common factor of 144386 and 110.
22
Calculate the highest common divisor of 178503 and 299.
299
Calculate the highest common divisor of 1257572 and 304.
76
Calculate the highest common factor of 428 and 23576.
4
What is the greatest common divisor of 56296 and 192?
8
Calculate the highest common divisor of 28912 and 2171.
13
Calculate the greatest common factor of 440 and 65912.
88
What is the greatest common divisor of 7363 and 3922?
37
What is the highest common divisor of 201 and 638108?
67
Calculate the greatest common factor of 1287 and 5304.
39
Calculate the greatest common factor of 36168 and 40.
8
Calculate the greatest common divisor of 336 and 6496.
112
Calculate the highest common divisor of 132855 and 255.
255
What is the greatest common factor of 36 and 113895?
9
What is the highest common divisor of 1462 and 21998?
34
Calculate the highest common divisor of 8190 and 274820.
910
What is the highest common factor of 1003490 and 460?
230
What is the greatest common factor of 165450 and 320?
10
What is the greatest common factor of 1854 and 432?
18
What is the greatest common divisor of 1067562 and 24?
6
Calculate the highest common divisor of 9542 and 624.
26
Calculate the greatest common divisor of 20 and 380560.
20
Calculate the greatest common factor of 47016 and 72.
72
Calculate the greatest common factor of 6265 and 105.
35
Calculate the highest common factor of 149 and 8540531.
149
Calculate the greatest common divisor of 18578 and 3.
1
Calculate the highest common divisor of 3906 and 13314.
42
Calculate the highest common divisor of 684 and 1824.
228
What is the greatest common factor of 615 and 10004?
41
What is the highest common factor of 167167 and 4928?
77
What is the greatest common divisor of 715880 and 136?
8
What is the highest common divisor of 168 and 159208?
56
Calculate the highest common divisor of 122 and 70333.
61
What is the highest common factor of 8193 and 7?
1
What is the greatest common divisor of 126 and 69867?
63
What is the highest common divisor of 6 and 57774?
6
Calculate the greatest common divisor of 265982 and 102.
34
What is the greatest common divisor of 35754 and 15150?
606
Calculate the highest common divisor of 7897 and 13708.
149
What is the highest common divisor of 100 and 135850?
50
Calculate the highest common factor of 360631 and 47.
47
Calculate the greatest common factor of 6300 and 1305.
45
What is the highest common divisor of 3278 and 308?
22
What is the greatest common divisor of 42 and 115682?
14
What is the greatest common factor of 3630 and 474?
6
Calculate the greatest common divisor of 72 and 16056.
72
What is the highest common factor of 19044 and 108?
36
What is the highest